{"id":398,"date":"2023-04-13T13:40:41","date_gmt":"2023-04-13T13:40:41","guid":{"rendered":"https:\/\/shivdanstudio.com\/?page_id=398"},"modified":"2023-04-13T13:53:26","modified_gmt":"2023-04-13T13:53:26","slug":"nik","status":"publish","type":"page","link":"https:\/\/shivdanstudio.com\/index.php\/nik\/","title":{"rendered":"Nik"},"content":{"rendered":"\t\t<div data-elementor-type=\"wp-page\" data-elementor-id=\"398\" class=\"elementor elementor-398\">\n\t\t\t\t\t\t\t\t\t<section class=\"elementor-section elementor-top-section elementor-element elementor-element-6114b6ee elementor-section-boxed elementor-section-height-default elementor-section-height-default\" data-id=\"6114b6ee\" data-element_type=\"section\">\n\t\t\t\t\t\t<div class=\"elementor-container elementor-column-gap-default\">\n\t\t\t\t\t<div class=\"elementor-column elementor-col-100 elementor-top-column elementor-element elementor-element-651c8b81\" data-id=\"651c8b81\" data-element_type=\"column\">\n\t\t\t<div class=\"elementor-widget-wrap elementor-element-populated\">\n\t\t\t\t\t\t\t\t<div class=\"elementor-element elementor-element-2e6fa27e elementor-widget elementor-widget-text-editor\" data-id=\"2e6fa27e\" data-element_type=\"widget\" data-widget_type=\"text-editor.default\">\n\t\t\t\t<div class=\"elementor-widget-container\">\n\t\t\t<style>\/*! elementor - v3.12.1 - 02-04-2023 *\/\n.elementor-widget-text-editor.elementor-drop-cap-view-stacked .elementor-drop-cap{background-color:#69727d;color:#fff}.elementor-widget-text-editor.elementor-drop-cap-view-framed .elementor-drop-cap{color:#69727d;border:3px solid;background-color:transparent}.elementor-widget-text-editor:not(.elementor-drop-cap-view-default) .elementor-drop-cap{margin-top:8px}.elementor-widget-text-editor:not(.elementor-drop-cap-view-default) .elementor-drop-cap-letter{width:1em;height:1em}.elementor-widget-text-editor .elementor-drop-cap{float:left;text-align:center;line-height:1;font-size:50px}.elementor-widget-text-editor .elementor-drop-cap-letter{display:inline-block}<\/style>\t\t\t\t<!-- wp:heading -->\n<h2 class=\"wp-block-heading\">Elle adore danser et chor\u00e9graphier<\/h2>\n<!-- \/wp:heading -->\t\t\t\t\t\t<\/div>\n\t\t\t\t<\/div>\n\t\t\t\t\t<\/div>\n\t\t<\/div>\n\t\t\t\t\t\t\t<\/div>\n\t\t<\/section>\n\t\t\t\t<section class=\"elementor-section elementor-top-section elementor-element elementor-element-157be58 elementor-section-boxed elementor-section-height-default elementor-section-height-default\" data-id=\"157be58\" data-element_type=\"section\">\n\t\t\t\t\t\t<div class=\"elementor-container elementor-column-gap-default\">\n\t\t\t\t\t<div class=\"elementor-column elementor-col-100 elementor-top-column elementor-element elementor-element-62203cf\" data-id=\"62203cf\" data-element_type=\"column\">\n\t\t\t<div class=\"elementor-widget-wrap elementor-element-populated\">\n\t\t\t\t\t\t\t\t<div class=\"elementor-element elementor-element-c0c9114 elementor-grid-3 elementor-grid-tablet-2 elementor-grid-mobile-1 elementor-posts--thumbnail-top elementor-widget elementor-widget-posts\" data-id=\"c0c9114\" data-element_type=\"widget\" data-settings=\"{&quot;classic_columns&quot;:&quot;3&quot;,&quot;classic_columns_tablet&quot;:&quot;2&quot;,&quot;classic_columns_mobile&quot;:&quot;1&quot;,&quot;classic_row_gap&quot;:{&quot;unit&quot;:&quot;px&quot;,&quot;size&quot;:35,&quot;sizes&quot;:[]},&quot;classic_row_gap_tablet&quot;:{&quot;unit&quot;:&quot;px&quot;,&quot;size&quot;:&quot;&quot;,&quot;sizes&quot;:[]},&quot;classic_row_gap_mobile&quot;:{&quot;unit&quot;:&quot;px&quot;,&quot;size&quot;:&quot;&quot;,&quot;sizes&quot;:[]}}\" data-widget_type=\"posts.classic\">\n\t\t\t\t<div class=\"elementor-widget-container\">\n\t\t\t<link rel=\"stylesheet\" href=\"https:\/\/shivdanstudio.com\/wp-content\/plugins\/elementor-pro\/assets\/css\/widget-posts.min.css\">\t\t<div class=\"elementor-posts-container elementor-posts elementor-posts--skin-classic elementor-grid\">\n\t\t\t\t<article class=\"elementor-post elementor-grid-item post-463 post type-post status-publish format-standard has-post-thumbnail hentry category-bl category-nik category-nik-dance tag-black-light tag-danse tag-lumiere-noire tag-skull tag-skulls\">\n\t\t\t\t<a class=\"elementor-post__thumbnail__link\" href=\"https:\/\/shivdanstudio.com\/index.php\/2023\/05\/08\/nik-ballet-in-black-light\/\" >\n\t\t\t<div class=\"elementor-post__thumbnail\"><img decoding=\"async\" width=\"208\" height=\"300\" src=\"https:\/\/shivdanstudio.com\/wp-content\/uploads\/2023\/05\/IMG_0752-208x300.jpg\" class=\"attachment-medium size-medium wp-image-464\" alt=\"\" loading=\"lazy\" srcset=\"https:\/\/shivdanstudio.com\/wp-content\/uploads\/2023\/05\/IMG_0752-208x300.jpg 208w, https:\/\/shivdanstudio.com\/wp-content\/uploads\/2023\/05\/IMG_0752-708x1024.jpg 708w, https:\/\/shivdanstudio.com\/wp-content\/uploads\/2023\/05\/IMG_0752-768x1110.jpg 768w, https:\/\/shivdanstudio.com\/wp-content\/uploads\/2023\/05\/IMG_0752-1063x1536.jpg 1063w, https:\/\/shivdanstudio.com\/wp-content\/uploads\/2023\/05\/IMG_0752-1417x2048.jpg 1417w, https:\/\/shivdanstudio.com\/wp-content\/uploads\/2023\/05\/IMG_0752-scaled.jpg 1771w\" sizes=\"(max-width: 208px) 100vw, 208px\" \/><\/div>\n\t\t<\/a>\n\t\t\t\t<div class=\"elementor-post__text\">\n\t\t\t\t<h3 class=\"elementor-post__title\">\n\t\t\t<a href=\"https:\/\/shivdanstudio.com\/index.php\/2023\/05\/08\/nik-ballet-in-black-light\/\" >\n\t\t\t\tNik ballet in black light\t\t\t<\/a>\n\t\t<\/h3>\n\t\t\t\t<div class=\"elementor-post__meta-data\">\n\t\t\t\t\t<span class=\"elementor-post-date\">\n\t\t\tmai 8, 2023\t\t<\/span>\n\t\t\t\t<span class=\"elementor-post-avatar\">\n\t\t\tPas de commentaire\t\t<\/span>\n\t\t\t\t<\/div>\n\t\t\t\t<div class=\"elementor-post__excerpt\">\n\t\t\t<p>A nice piece of rope for a fine ballet<\/p>\n\t\t<\/div>\n\t\t\n\t\t<a class=\"elementor-post__read-more\" href=\"https:\/\/shivdanstudio.com\/index.php\/2023\/05\/08\/nik-ballet-in-black-light\/\" aria-label=\"Read more about Nik ballet in black light\" >\n\t\t\tRead More \u00bb\t\t<\/a>\n\n\t\t\t\t<\/div>\n\t\t\t\t<\/article>\n\t\t\t\t<article class=\"elementor-post elementor-grid-item post-320 post type-post status-publish format-standard has-post-thumbnail hentry category-bl category-black-light category-dance category-nik-dance category-nik tag-black-light tag-body-painitng tag-dance tag-danse tag-etoile tag-lumiere-noire\">\n\t\t\t\t<a class=\"elementor-post__thumbnail__link\" href=\"https:\/\/shivdanstudio.com\/index.php\/2023\/04\/12\/nik-rechauffe-le-vide-intersideral\/\" >\n\t\t\t<div class=\"elementor-post__thumbnail\"><img decoding=\"async\" width=\"169\" height=\"300\" src=\"https:\/\/shivdanstudio.com\/wp-content\/uploads\/2023\/04\/Silvia-BL-54-169x300.jpg\" class=\"attachment-medium size-medium wp-image-321\" alt=\"\" loading=\"lazy\" srcset=\"https:\/\/shivdanstudio.com\/wp-content\/uploads\/2023\/04\/Silvia-BL-54-169x300.jpg 169w, https:\/\/shivdanstudio.com\/wp-content\/uploads\/2023\/04\/Silvia-BL-54-576x1024.jpg 576w, https:\/\/shivdanstudio.com\/wp-content\/uploads\/2023\/04\/Silvia-BL-54.jpg 720w\" sizes=\"(max-width: 169px) 100vw, 169px\" \/><\/div>\n\t\t<\/a>\n\t\t\t\t<div class=\"elementor-post__text\">\n\t\t\t\t<h3 class=\"elementor-post__title\">\n\t\t\t<a href=\"https:\/\/shivdanstudio.com\/index.php\/2023\/04\/12\/nik-rechauffe-le-vide-intersideral\/\" >\n\t\t\t\tNik r\u00e9chauffe le vide intersid\u00e9ral\t\t\t<\/a>\n\t\t<\/h3>\n\t\t\t\t<div class=\"elementor-post__meta-data\">\n\t\t\t\t\t<span class=\"elementor-post-date\">\n\t\t\tavril 12, 2023\t\t<\/span>\n\t\t\t\t<span class=\"elementor-post-avatar\">\n\t\t\tPas de commentaire\t\t<\/span>\n\t\t\t\t<\/div>\n\t\t\t\t<div class=\"elementor-post__excerpt\">\n\t\t\t<p>Le vide n&rsquo;est pas glac\u00e9 lorsqu&rsquo;y apparait Nik<\/p>\n\t\t<\/div>\n\t\t\n\t\t<a class=\"elementor-post__read-more\" href=\"https:\/\/shivdanstudio.com\/index.php\/2023\/04\/12\/nik-rechauffe-le-vide-intersideral\/\" aria-label=\"Read more about Nik r\u00e9chauffe le vide intersid\u00e9ral\" >\n\t\t\tRead More \u00bb\t\t<\/a>\n\n\t\t\t\t<\/div>\n\t\t\t\t<\/article>\n\t\t\t\t<article class=\"elementor-post elementor-grid-item post-312 post type-post status-publish format-standard has-post-thumbnail hentry category-black-light category-dance category-nik category-nik-dance tag-black-light tag-effeuillage tag-espace tag-etoile tag-lumiere tag-lumiere-noire tag-lune tag-strip-tease\">\n\t\t\t\t<a class=\"elementor-post__thumbnail__link\" href=\"https:\/\/shivdanstudio.com\/index.php\/2023\/04\/12\/nik-dance-dans-les-etoiles\/\" >\n\t\t\t<div class=\"elementor-post__thumbnail\"><img decoding=\"async\" width=\"169\" height=\"300\" src=\"https:\/\/shivdanstudio.com\/wp-content\/uploads\/2023\/04\/vlcsnap-2023-04-12-17h59m32s058-169x300.png\" class=\"attachment-medium size-medium wp-image-318\" alt=\"\" loading=\"lazy\" srcset=\"https:\/\/shivdanstudio.com\/wp-content\/uploads\/2023\/04\/vlcsnap-2023-04-12-17h59m32s058-169x300.png 169w, https:\/\/shivdanstudio.com\/wp-content\/uploads\/2023\/04\/vlcsnap-2023-04-12-17h59m32s058-576x1024.png 576w, https:\/\/shivdanstudio.com\/wp-content\/uploads\/2023\/04\/vlcsnap-2023-04-12-17h59m32s058-768x1365.png 768w, https:\/\/shivdanstudio.com\/wp-content\/uploads\/2023\/04\/vlcsnap-2023-04-12-17h59m32s058-864x1536.png 864w, https:\/\/shivdanstudio.com\/wp-content\/uploads\/2023\/04\/vlcsnap-2023-04-12-17h59m32s058.png 1080w\" sizes=\"(max-width: 169px) 100vw, 169px\" \/><\/div>\n\t\t<\/a>\n\t\t\t\t<div class=\"elementor-post__text\">\n\t\t\t\t<h3 class=\"elementor-post__title\">\n\t\t\t<a href=\"https:\/\/shivdanstudio.com\/index.php\/2023\/04\/12\/nik-dance-dans-les-etoiles\/\" >\n\t\t\t\tNik dance dans les \u00e9toiles\t\t\t<\/a>\n\t\t<\/h3>\n\t\t\t\t<div class=\"elementor-post__meta-data\">\n\t\t\t\t\t<span class=\"elementor-post-date\">\n\t\t\tavril 12, 2023\t\t<\/span>\n\t\t\t\t<span class=\"elementor-post-avatar\">\n\t\t\tPas de commentaire\t\t<\/span>\n\t\t\t\t<\/div>\n\t\t\t\t<div class=\"elementor-post__excerpt\">\n\t\t\t<p>Nik danse et s&rsquo;exhibe sur fond d&rsquo;\u00e9toiles<\/p>\n\t\t<\/div>\n\t\t\n\t\t<a class=\"elementor-post__read-more\" href=\"https:\/\/shivdanstudio.com\/index.php\/2023\/04\/12\/nik-dance-dans-les-etoiles\/\" aria-label=\"Read more about Nik dance dans les \u00e9toiles\" >\n\t\t\tRead More \u00bb\t\t<\/a>\n\n\t\t\t\t<\/div>\n\t\t\t\t<\/article>\n\t\t\t\t<article class=\"elementor-post elementor-grid-item post-192 post type-post status-publish format-standard has-post-thumbnail hentry category-dance category-india category-nik-dance category-nik category-tango tag-dance tag-danse tag-erotic tag-erotic-miniature tag-india tag-indian\">\n\t\t\t\t<a class=\"elementor-post__thumbnail__link\" href=\"https:\/\/shivdanstudio.com\/index.php\/2023\/04\/11\/nick-visits-indian-erotics\/\" >\n\t\t\t<div class=\"elementor-post__thumbnail\"><img decoding=\"async\" width=\"265\" height=\"300\" src=\"https:\/\/shivdanstudio.com\/wp-content\/uploads\/2023\/04\/India_Chamba_style_-_A_couple_seated_against_two_pillows_engaged_in_sex_from_an_erotic_series_-_2018.110_-_Cleveland_Museum_of_Art_cropped-265x300.jpg\" class=\"attachment-medium size-medium wp-image-197\" alt=\"\" loading=\"lazy\" srcset=\"https:\/\/shivdanstudio.com\/wp-content\/uploads\/2023\/04\/India_Chamba_style_-_A_couple_seated_against_two_pillows_engaged_in_sex_from_an_erotic_series_-_2018.110_-_Cleveland_Museum_of_Art_cropped-265x300.jpg 265w, https:\/\/shivdanstudio.com\/wp-content\/uploads\/2023\/04\/India_Chamba_style_-_A_couple_seated_against_two_pillows_engaged_in_sex_from_an_erotic_series_-_2018.110_-_Cleveland_Museum_of_Art_cropped-906x1024.jpg 906w, https:\/\/shivdanstudio.com\/wp-content\/uploads\/2023\/04\/India_Chamba_style_-_A_couple_seated_against_two_pillows_engaged_in_sex_from_an_erotic_series_-_2018.110_-_Cleveland_Museum_of_Art_cropped-768x868.jpg 768w, https:\/\/shivdanstudio.com\/wp-content\/uploads\/2023\/04\/India_Chamba_style_-_A_couple_seated_against_two_pillows_engaged_in_sex_from_an_erotic_series_-_2018.110_-_Cleveland_Museum_of_Art_cropped.jpg 1309w\" sizes=\"(max-width: 265px) 100vw, 265px\" \/><\/div>\n\t\t<\/a>\n\t\t\t\t<div class=\"elementor-post__text\">\n\t\t\t\t<h3 class=\"elementor-post__title\">\n\t\t\t<a href=\"https:\/\/shivdanstudio.com\/index.php\/2023\/04\/11\/nick-visits-indian-erotics\/\" >\n\t\t\t\tNik visits Indian erotics\t\t\t<\/a>\n\t\t<\/h3>\n\t\t\t\t<div class=\"elementor-post__meta-data\">\n\t\t\t\t\t<span class=\"elementor-post-date\">\n\t\t\tavril 11, 2023\t\t<\/span>\n\t\t\t\t<span class=\"elementor-post-avatar\">\n\t\t\tPas de commentaire\t\t<\/span>\n\t\t\t\t<\/div>\n\t\t\t\t<div class=\"elementor-post__excerpt\">\n\t\t\t<p>Beaucoup de mes tournages avec des danseuses partiellement d\u00e9nud\u00e9es se passent devant un fond vert. Cela me permet de trouver un d\u00e9cor plus attirant que mon petit appartement<\/p>\n\t\t<\/div>\n\t\t\n\t\t<a class=\"elementor-post__read-more\" href=\"https:\/\/shivdanstudio.com\/index.php\/2023\/04\/11\/nick-visits-indian-erotics\/\" aria-label=\"Read more about Nik visits Indian erotics\" >\n\t\t\tRead More \u00bb\t\t<\/a>\n\n\t\t\t\t<\/div>\n\t\t\t\t<\/article>\n\t\t\t\t<article class=\"elementor-post elementor-grid-item post-100 post type-post status-publish format-standard has-post-thumbnail hentry category-dance category-macabre category-nik category-nik-dance tag-blood tag-crane tag-eros tag-erosthanatos tag-satan tag-skull tag-skulls tag-spooky tag-thanatos\">\n\t\t\t\t<a class=\"elementor-post__thumbnail__link\" href=\"https:\/\/shivdanstudio.com\/index.php\/2023\/04\/10\/spooky-play-with-skull\/\" >\n\t\t\t<div class=\"elementor-post__thumbnail\"><img decoding=\"async\" width=\"200\" height=\"300\" src=\"https:\/\/shivdanstudio.com\/wp-content\/uploads\/2023\/04\/IMG_1017-200x300.png\" class=\"attachment-medium size-medium wp-image-101\" alt=\"\" loading=\"lazy\" srcset=\"https:\/\/shivdanstudio.com\/wp-content\/uploads\/2023\/04\/IMG_1017-200x300.png 200w, https:\/\/shivdanstudio.com\/wp-content\/uploads\/2023\/04\/IMG_1017-683x1024.png 683w, https:\/\/shivdanstudio.com\/wp-content\/uploads\/2023\/04\/IMG_1017-768x1152.png 768w, https:\/\/shivdanstudio.com\/wp-content\/uploads\/2023\/04\/IMG_1017-1024x1536.png 1024w, https:\/\/shivdanstudio.com\/wp-content\/uploads\/2023\/04\/IMG_1017-1365x2048.png 1365w\" sizes=\"(max-width: 200px) 100vw, 200px\" \/><\/div>\n\t\t<\/a>\n\t\t\t\t<div class=\"elementor-post__text\">\n\t\t\t\t<h3 class=\"elementor-post__title\">\n\t\t\t<a href=\"https:\/\/shivdanstudio.com\/index.php\/2023\/04\/10\/spooky-play-with-skull\/\" >\n\t\t\t\tSpooky play with skulls\t\t\t<\/a>\n\t\t<\/h3>\n\t\t\t\t<div class=\"elementor-post__meta-data\">\n\t\t\t\t\t<span class=\"elementor-post-date\">\n\t\t\tavril 10, 2023\t\t<\/span>\n\t\t\t\t<span class=\"elementor-post-avatar\">\n\t\t\tPas de commentaire\t\t<\/span>\n\t\t\t\t<\/div>\n\t\t\t\t<div class=\"elementor-post__excerpt\">\n\t\t\t<p>J&rsquo;adore le macabre et les ambiances sataniques mais c&rsquo;est une attirance uniquement esth\u00e9tique<\/p>\n\t\t<\/div>\n\t\t\n\t\t<a class=\"elementor-post__read-more\" href=\"https:\/\/shivdanstudio.com\/index.php\/2023\/04\/10\/spooky-play-with-skull\/\" aria-label=\"Read more about Spooky play with skulls\" >\n\t\t\tRead More \u00bb\t\t<\/a>\n\n\t\t\t\t<\/div>\n\t\t\t\t<\/article>\n\t\t\t\t<\/div>\n\t\t\n\t\t\t\t<\/div>\n\t\t\t\t<\/div>\n\t\t\t\t\t<\/div>\n\t\t<\/div>\n\t\t\t\t\t\t\t<\/div>\n\t\t<\/section>\n\t\t\t\t\t\t\t<\/div>\n\t\t","protected":false},"excerpt":{"rendered":"<p>Elle adore danser et chor\u00e9graphier<\/p>\n","protected":false},"author":1,"featured_media":0,"parent":0,"menu_order":0,"comment_status":"closed","ping_status":"closed","template":"","meta":{"_mi_skip_tracking":false},"aioseo_notices":[],"_links":{"self":[{"href":"https:\/\/shivdanstudio.com\/index.php\/wp-json\/wp\/v2\/pages\/398"}],"collection":[{"href":"https:\/\/shivdanstudio.com\/index.php\/wp-json\/wp\/v2\/pages"}],"about":[{"href":"https:\/\/shivdanstudio.com\/index.php\/wp-json\/wp\/v2\/types\/page"}],"author":[{"embeddable":true,"href":"https:\/\/shivdanstudio.com\/index.php\/wp-json\/wp\/v2\/users\/1"}],"replies":[{"embeddable":true,"href":"https:\/\/shivdanstudio.com\/index.php\/wp-json\/wp\/v2\/comments?post=398"}],"version-history":[{"count":11,"href":"https:\/\/shivdanstudio.com\/index.php\/wp-json\/wp\/v2\/pages\/398\/revisions"}],"predecessor-version":[{"id":415,"href":"https:\/\/shivdanstudio.com\/index.php\/wp-json\/wp\/v2\/pages\/398\/revisions\/415"}],"wp:attachment":[{"href":"https:\/\/shivdanstudio.com\/index.php\/wp-json\/wp\/v2\/media?parent=398"}],"curies":[{"name":"wp","href":"https:\/\/api.w.org\/{rel}","templated":true}]}}