{"id":217,"date":"2023-04-11T12:11:26","date_gmt":"2023-04-11T12:11:26","guid":{"rendered":"https:\/\/shivdanstudio.com\/?page_id=217"},"modified":"2023-04-11T12:16:02","modified_gmt":"2023-04-11T12:16:02","slug":"lumiere-noire","status":"publish","type":"page","link":"https:\/\/shivdanstudio.com\/index.php\/lumiere-noire\/","title":{"rendered":"Lumi\u00e8re noire"},"content":{"rendered":"\t\t<div data-elementor-type=\"wp-page\" data-elementor-id=\"217\" class=\"elementor elementor-217\">\n\t\t\t\t\t\t\t\t\t<section class=\"elementor-section elementor-top-section elementor-element elementor-element-bf7e40c elementor-section-boxed elementor-section-height-default elementor-section-height-default\" data-id=\"bf7e40c\" data-element_type=\"section\">\n\t\t\t\t\t\t<div class=\"elementor-container elementor-column-gap-default\">\n\t\t\t\t\t<div class=\"elementor-column elementor-col-100 elementor-top-column elementor-element elementor-element-dad77d8\" data-id=\"dad77d8\" data-element_type=\"column\">\n\t\t\t<div class=\"elementor-widget-wrap elementor-element-populated\">\n\t\t\t\t\t\t\t\t<div class=\"elementor-element elementor-element-3851b10 elementor-widget elementor-widget-heading\" data-id=\"3851b10\" data-element_type=\"widget\" data-widget_type=\"heading.default\">\n\t\t\t\t<div class=\"elementor-widget-container\">\n\t\t\t<style>\/*! elementor - v3.12.1 - 02-04-2023 *\/\n.elementor-heading-title{padding:0;margin:0;line-height:1}.elementor-widget-heading .elementor-heading-title[class*=elementor-size-]>a{color:inherit;font-size:inherit;line-height:inherit}.elementor-widget-heading .elementor-heading-title.elementor-size-small{font-size:15px}.elementor-widget-heading .elementor-heading-title.elementor-size-medium{font-size:19px}.elementor-widget-heading .elementor-heading-title.elementor-size-large{font-size:29px}.elementor-widget-heading .elementor-heading-title.elementor-size-xl{font-size:39px}.elementor-widget-heading .elementor-heading-title.elementor-size-xxl{font-size:59px}<\/style><h2 class=\"elementor-heading-title elementor-size-default\">La lumi\u00e8re noire repeint le r\u00e9el avec mon r\u00eave<\/h2>\t\t<\/div>\n\t\t\t\t<\/div>\n\t\t\t\t\t<\/div>\n\t\t<\/div>\n\t\t\t\t\t\t\t<\/div>\n\t\t<\/section>\n\t\t\t\t<section class=\"elementor-section elementor-top-section elementor-element elementor-element-947dc05 elementor-section-boxed elementor-section-height-default elementor-section-height-default\" data-id=\"947dc05\" data-element_type=\"section\">\n\t\t\t\t\t\t<div class=\"elementor-container elementor-column-gap-default\">\n\t\t\t\t\t<div class=\"elementor-column elementor-col-100 elementor-top-column elementor-element elementor-element-0ca822a\" data-id=\"0ca822a\" data-element_type=\"column\">\n\t\t\t<div class=\"elementor-widget-wrap elementor-element-populated\">\n\t\t\t\t\t\t\t\t<div class=\"elementor-element elementor-element-48c5f23 elementor-grid-2 elementor-grid-tablet-2 elementor-grid-mobile-1 elementor-posts--thumbnail-top elementor-widget elementor-widget-posts\" data-id=\"48c5f23\" data-element_type=\"widget\" data-settings=\"{&quot;classic_columns&quot;:&quot;2&quot;,&quot;classic_columns_tablet&quot;:&quot;2&quot;,&quot;classic_columns_mobile&quot;:&quot;1&quot;,&quot;classic_row_gap&quot;:{&quot;unit&quot;:&quot;px&quot;,&quot;size&quot;:35,&quot;sizes&quot;:[]},&quot;classic_row_gap_tablet&quot;:{&quot;unit&quot;:&quot;px&quot;,&quot;size&quot;:&quot;&quot;,&quot;sizes&quot;:[]},&quot;classic_row_gap_mobile&quot;:{&quot;unit&quot;:&quot;px&quot;,&quot;size&quot;:&quot;&quot;,&quot;sizes&quot;:[]}}\" data-widget_type=\"posts.classic\">\n\t\t\t\t<div class=\"elementor-widget-container\">\n\t\t\t<link rel=\"stylesheet\" href=\"https:\/\/shivdanstudio.com\/wp-content\/plugins\/elementor-pro\/assets\/css\/widget-posts.min.css\">\t\t<div class=\"elementor-posts-container elementor-posts elementor-posts--skin-classic elementor-grid\">\n\t\t\t\t<article class=\"elementor-post elementor-grid-item post-530 post type-post status-publish format-standard hentry category-black-light category-bl category-dance\">\n\t\t\t\t<div class=\"elementor-post__text\">\n\t\t\t\t<h3 class=\"elementor-post__title\">\n\t\t\t<a href=\"https:\/\/shivdanstudio.com\/index.php\/2026\/01\/19\/danser-avec-la-vierge-folle\/\" >\n\t\t\t\tDanser avec la vierge folle\t\t\t<\/a>\n\t\t<\/h3>\n\t\t\t\t<div class=\"elementor-post__meta-data\">\n\t\t\t\t\t<span class=\"elementor-post-date\">\n\t\t\tjanvier 19, 2026\t\t<\/span>\n\t\t\t\t<span class=\"elementor-post-avatar\">\n\t\t\tPas de commentaire\t\t<\/span>\n\t\t\t\t<\/div>\n\t\t\t\t<div class=\"elementor-post__excerpt\">\n\t\t\t<p>Danser avec la vierge folle de Rik Wouters https:\/\/youtu.be\/IVwJITjjUI8http:\/\/shivdanstudio.com\/wp-content\/uploads\/2026\/01\/WhatsApp-Video-2026-03-17-at-08.26.24.mp4https:\/\/youtube.com\/shorts\/bTixxgAivWw?feature=share<\/p>\n\t\t<\/div>\n\t\t\n\t\t<a class=\"elementor-post__read-more\" href=\"https:\/\/shivdanstudio.com\/index.php\/2026\/01\/19\/danser-avec-la-vierge-folle\/\" aria-label=\"Read more about Danser avec la vierge folle\" >\n\t\t\tRead More \u00bb\t\t<\/a>\n\n\t\t\t\t<\/div>\n\t\t\t\t<\/article>\n\t\t\t\t<article class=\"elementor-post elementor-grid-item post-320 post type-post status-publish format-standard has-post-thumbnail hentry category-black-light category-bl category-dance category-nik category-nik-dance tag-black-light tag-body-painitng tag-dance tag-danse tag-etoile tag-lumiere-noire\">\n\t\t\t\t<a class=\"elementor-post__thumbnail__link\" href=\"https:\/\/shivdanstudio.com\/index.php\/2023\/04\/12\/nik-rechauffe-le-vide-intersideral\/\" >\n\t\t\t<div class=\"elementor-post__thumbnail\"><img decoding=\"async\" width=\"169\" height=\"300\" src=\"https:\/\/shivdanstudio.com\/wp-content\/uploads\/2023\/04\/Silvia-BL-54-169x300.jpg\" class=\"attachment-medium size-medium wp-image-321\" alt=\"\" loading=\"lazy\" srcset=\"https:\/\/shivdanstudio.com\/wp-content\/uploads\/2023\/04\/Silvia-BL-54-169x300.jpg 169w, https:\/\/shivdanstudio.com\/wp-content\/uploads\/2023\/04\/Silvia-BL-54-576x1024.jpg 576w, https:\/\/shivdanstudio.com\/wp-content\/uploads\/2023\/04\/Silvia-BL-54.jpg 720w\" sizes=\"(max-width: 169px) 100vw, 169px\" \/><\/div>\n\t\t<\/a>\n\t\t\t\t<div class=\"elementor-post__text\">\n\t\t\t\t<h3 class=\"elementor-post__title\">\n\t\t\t<a href=\"https:\/\/shivdanstudio.com\/index.php\/2023\/04\/12\/nik-rechauffe-le-vide-intersideral\/\" >\n\t\t\t\tNik r\u00e9chauffe le vide intersid\u00e9ral\t\t\t<\/a>\n\t\t<\/h3>\n\t\t\t\t<div class=\"elementor-post__meta-data\">\n\t\t\t\t\t<span class=\"elementor-post-date\">\n\t\t\tavril 12, 2023\t\t<\/span>\n\t\t\t\t<span class=\"elementor-post-avatar\">\n\t\t\tPas de commentaire\t\t<\/span>\n\t\t\t\t<\/div>\n\t\t\t\t<div class=\"elementor-post__excerpt\">\n\t\t\t<p>Le vide n&rsquo;est pas glac\u00e9 lorsqu&rsquo;y apparait Nik<\/p>\n\t\t<\/div>\n\t\t\n\t\t<a class=\"elementor-post__read-more\" href=\"https:\/\/shivdanstudio.com\/index.php\/2023\/04\/12\/nik-rechauffe-le-vide-intersideral\/\" aria-label=\"Read more about Nik r\u00e9chauffe le vide intersid\u00e9ral\" >\n\t\t\tRead More \u00bb\t\t<\/a>\n\n\t\t\t\t<\/div>\n\t\t\t\t<\/article>\n\t\t\t\t<article class=\"elementor-post elementor-grid-item post-312 post type-post status-publish format-standard has-post-thumbnail hentry category-black-light category-dance category-nik-dance category-nik tag-black-light tag-effeuillage tag-espace tag-etoile tag-lumiere tag-lumiere-noire tag-lune tag-strip-tease\">\n\t\t\t\t<a class=\"elementor-post__thumbnail__link\" href=\"https:\/\/shivdanstudio.com\/index.php\/2023\/04\/12\/nik-dance-dans-les-etoiles\/\" >\n\t\t\t<div class=\"elementor-post__thumbnail\"><img decoding=\"async\" width=\"169\" height=\"300\" src=\"https:\/\/shivdanstudio.com\/wp-content\/uploads\/2023\/04\/vlcsnap-2023-04-12-17h59m32s058-169x300.png\" class=\"attachment-medium size-medium wp-image-318\" alt=\"\" loading=\"lazy\" srcset=\"https:\/\/shivdanstudio.com\/wp-content\/uploads\/2023\/04\/vlcsnap-2023-04-12-17h59m32s058-169x300.png 169w, https:\/\/shivdanstudio.com\/wp-content\/uploads\/2023\/04\/vlcsnap-2023-04-12-17h59m32s058-576x1024.png 576w, https:\/\/shivdanstudio.com\/wp-content\/uploads\/2023\/04\/vlcsnap-2023-04-12-17h59m32s058-768x1365.png 768w, https:\/\/shivdanstudio.com\/wp-content\/uploads\/2023\/04\/vlcsnap-2023-04-12-17h59m32s058-864x1536.png 864w, https:\/\/shivdanstudio.com\/wp-content\/uploads\/2023\/04\/vlcsnap-2023-04-12-17h59m32s058.png 1080w\" sizes=\"(max-width: 169px) 100vw, 169px\" \/><\/div>\n\t\t<\/a>\n\t\t\t\t<div class=\"elementor-post__text\">\n\t\t\t\t<h3 class=\"elementor-post__title\">\n\t\t\t<a href=\"https:\/\/shivdanstudio.com\/index.php\/2023\/04\/12\/nik-dance-dans-les-etoiles\/\" >\n\t\t\t\tNik dance dans les \u00e9toiles\t\t\t<\/a>\n\t\t<\/h3>\n\t\t\t\t<div class=\"elementor-post__meta-data\">\n\t\t\t\t\t<span class=\"elementor-post-date\">\n\t\t\tavril 12, 2023\t\t<\/span>\n\t\t\t\t<span class=\"elementor-post-avatar\">\n\t\t\tPas de commentaire\t\t<\/span>\n\t\t\t\t<\/div>\n\t\t\t\t<div class=\"elementor-post__excerpt\">\n\t\t\t<p>Nik danse et s&rsquo;exhibe sur fond d&rsquo;\u00e9toiles<\/p>\n\t\t<\/div>\n\t\t\n\t\t<a class=\"elementor-post__read-more\" href=\"https:\/\/shivdanstudio.com\/index.php\/2023\/04\/12\/nik-dance-dans-les-etoiles\/\" aria-label=\"Read more about Nik dance dans les \u00e9toiles\" >\n\t\t\tRead More \u00bb\t\t<\/a>\n\n\t\t\t\t<\/div>\n\t\t\t\t<\/article>\n\t\t\t\t<article class=\"elementor-post elementor-grid-item post-307 post type-post status-publish format-standard has-post-thumbnail hentry category-bl category-black-light category-dance category-mak category-nak tag-black-light tag-body-painitng tag-dance tag-danse tag-lumiere-noire tag-uv\">\n\t\t\t\t<a class=\"elementor-post__thumbnail__link\" href=\"https:\/\/shivdanstudio.com\/index.php\/2023\/04\/12\/mak-dance-in-black-light\/\" >\n\t\t\t<div class=\"elementor-post__thumbnail\"><img decoding=\"async\" width=\"169\" height=\"300\" src=\"https:\/\/shivdanstudio.com\/wp-content\/uploads\/2023\/04\/Malika-BL-dance-01_4_1-169x300.jpg\" class=\"attachment-medium size-medium wp-image-236\" alt=\"\" loading=\"lazy\" srcset=\"https:\/\/shivdanstudio.com\/wp-content\/uploads\/2023\/04\/Malika-BL-dance-01_4_1-169x300.jpg 169w, https:\/\/shivdanstudio.com\/wp-content\/uploads\/2023\/04\/Malika-BL-dance-01_4_1-576x1024.jpg 576w, https:\/\/shivdanstudio.com\/wp-content\/uploads\/2023\/04\/Malika-BL-dance-01_4_1.jpg 720w\" sizes=\"(max-width: 169px) 100vw, 169px\" \/><\/div>\n\t\t<\/a>\n\t\t\t\t<div class=\"elementor-post__text\">\n\t\t\t\t<h3 class=\"elementor-post__title\">\n\t\t\t<a href=\"https:\/\/shivdanstudio.com\/index.php\/2023\/04\/12\/mak-dance-in-black-light\/\" >\n\t\t\t\tMak dances in black light\t\t\t<\/a>\n\t\t<\/h3>\n\t\t\t\t<div class=\"elementor-post__meta-data\">\n\t\t\t\t\t<span class=\"elementor-post-date\">\n\t\t\tavril 12, 2023\t\t<\/span>\n\t\t\t\t<span class=\"elementor-post-avatar\">\n\t\t\tPas de commentaire\t\t<\/span>\n\t\t\t\t<\/div>\n\t\t\t\t<div class=\"elementor-post__excerpt\">\n\t\t\t\t\t<\/div>\n\t\t\n\t\t<a class=\"elementor-post__read-more\" href=\"https:\/\/shivdanstudio.com\/index.php\/2023\/04\/12\/mak-dance-in-black-light\/\" aria-label=\"Read more about Mak dances in black light\" >\n\t\t\tRead More \u00bb\t\t<\/a>\n\n\t\t\t\t<\/div>\n\t\t\t\t<\/article>\n\t\t\t\t<article class=\"elementor-post elementor-grid-item post-1 post type-post status-publish format-standard has-post-thumbnail hentry category-_alk category-bl category-black-light category-dance category-shiva-dance tag-albert tag-alk tag-cranes tag-feu tag-fire tag-shiva tag-skull tag-skulls tag-spooky tag-swords\">\n\t\t\t\t<a class=\"elementor-post__thumbnail__link\" href=\"https:\/\/shivdanstudio.com\/index.php\/2023\/04\/10\/hello-world\/\" >\n\t\t\t<div class=\"elementor-post__thumbnail\"><img decoding=\"async\" width=\"300\" height=\"169\" src=\"https:\/\/shivdanstudio.com\/wp-content\/uploads\/2023\/04\/Shiva-Dance-final-set0007-300x169.jpg\" class=\"attachment-medium size-medium wp-image-48\" alt=\"\" loading=\"lazy\" srcset=\"https:\/\/shivdanstudio.com\/wp-content\/uploads\/2023\/04\/Shiva-Dance-final-set0007-300x169.jpg 300w, https:\/\/shivdanstudio.com\/wp-content\/uploads\/2023\/04\/Shiva-Dance-final-set0007-1024x576.jpg 1024w, https:\/\/shivdanstudio.com\/wp-content\/uploads\/2023\/04\/Shiva-Dance-final-set0007-768x432.jpg 768w, https:\/\/shivdanstudio.com\/wp-content\/uploads\/2023\/04\/Shiva-Dance-final-set0007.jpg 1280w\" sizes=\"(max-width: 300px) 100vw, 300px\" \/><\/div>\n\t\t<\/a>\n\t\t\t\t<div class=\"elementor-post__text\">\n\t\t\t\t<h3 class=\"elementor-post__title\">\n\t\t\t<a href=\"https:\/\/shivdanstudio.com\/index.php\/2023\/04\/10\/hello-world\/\" >\n\t\t\t\tLet &lsquo;s dance\t\t\t<\/a>\n\t\t<\/h3>\n\t\t\t\t<div class=\"elementor-post__meta-data\">\n\t\t\t\t\t<span class=\"elementor-post-date\">\n\t\t\tavril 10, 2023\t\t<\/span>\n\t\t\t\t<span class=\"elementor-post-avatar\">\n\t\t\tUn commentaire\t\t<\/span>\n\t\t\t\t<\/div>\n\t\t\t\t<div class=\"elementor-post__excerpt\">\n\t\t\t<p>Je suis un chor\u00e9graphe et pas un bon danseur mais j&rsquo;aime exp\u00e9rimenter avec mes costumes et \u00e9clairages et donc faute de mieux, je danse<\/p>\n\t\t<\/div>\n\t\t\n\t\t<a class=\"elementor-post__read-more\" href=\"https:\/\/shivdanstudio.com\/index.php\/2023\/04\/10\/hello-world\/\" aria-label=\"Read more about Let &lsquo;s dance\" >\n\t\t\tRead More \u00bb\t\t<\/a>\n\n\t\t\t\t<\/div>\n\t\t\t\t<\/article>\n\t\t\t\t<\/div>\n\t\t\n\t\t\t\t<\/div>\n\t\t\t\t<\/div>\n\t\t\t\t\t<\/div>\n\t\t<\/div>\n\t\t\t\t\t\t\t<\/div>\n\t\t<\/section>\n\t\t\t\t\t\t\t<\/div>\n\t\t","protected":false},"excerpt":{"rendered":"<p>La lumi\u00e8re noire repeint le r\u00e9el avec mon r\u00eave<\/p>\n","protected":false},"author":1,"featured_media":55,"parent":0,"menu_order":0,"comment_status":"closed","ping_status":"closed","template":"","meta":{"_mi_skip_tracking":false},"aioseo_notices":[],"_links":{"self":[{"href":"https:\/\/shivdanstudio.com\/index.php\/wp-json\/wp\/v2\/pages\/217"}],"collection":[{"href":"https:\/\/shivdanstudio.com\/index.php\/wp-json\/wp\/v2\/pages"}],"about":[{"href":"https:\/\/shivdanstudio.com\/index.php\/wp-json\/wp\/v2\/types\/page"}],"author":[{"embeddable":true,"href":"https:\/\/shivdanstudio.com\/index.php\/wp-json\/wp\/v2\/users\/1"}],"replies":[{"embeddable":true,"href":"https:\/\/shivdanstudio.com\/index.php\/wp-json\/wp\/v2\/comments?post=217"}],"version-history":[{"count":7,"href":"https:\/\/shivdanstudio.com\/index.php\/wp-json\/wp\/v2\/pages\/217\/revisions"}],"predecessor-version":[{"id":224,"href":"https:\/\/shivdanstudio.com\/index.php\/wp-json\/wp\/v2\/pages\/217\/revisions\/224"}],"wp:featuredmedia":[{"embeddable":true,"href":"https:\/\/shivdanstudio.com\/index.php\/wp-json\/wp\/v2\/media\/55"}],"wp:attachment":[{"href":"https:\/\/shivdanstudio.com\/index.php\/wp-json\/wp\/v2\/media?parent=217"}],"curies":[{"name":"wp","href":"https:\/\/api.w.org\/{rel}","templated":true}]}}